?
1033
Let v(x) be the first derivative of 7/2*x**2 + 2 + x. List the prime factors of v(4).
29
Suppose 0 = -2*k - k + 114. Suppose 4*q + k = -106. Let s = q + 71. What are the prime factors of s?
5, 7
Suppose -r - 3 = -2*r. What are the prime factors of (-1 + 3 - r) + 124?
3, 41
Suppose 10 + 40 = 5*z. Suppose -r - 5 = z. Let w = -3 - r. List the prime factors of w.
2, 3
Suppose 2*c + 4*m = 3*m + 946, -2365 = -5*c - 2*m. What are the prime factors of c?
11, 43
Let b = 14 + -20. Let p = b - -10. What are the prime factors of (-2516)/(-44) - p/22?
3, 19
Suppose -7*i - 180 = -2*i. Suppose 3*v + 308 = 5*j, -5*j = -4*j + 4*v - 80. Let w = i + j. List the prime factors of w.
2, 7
Let c = -15 - -213. Suppose 8*h - 442 = c. What are the prime factors of h?
2, 5
Let d(y) = 44*y**2 - 34*y + 331. List the prime factors of d(7).
13, 173
Let a(w) = 2*w**3 - 6*w**2 + 1. Let t be a(4). Let j = -85 - t. What are the prime factors of (-2)/(-5) + j/(-5)?
2, 3
What are the prime factors of 13 - 10 - (-515)/1?
2, 7, 37
Suppose 0 = 291*k - 288*k - 1629. What are the prime factors of k?
3, 181
Let t be 2 - ((-310)/4)/((-2)/(-4)). Let n = 285 - t. List the prime factors of n.
2
Let w(p) = 2*p - 13. Let u(j) = -3*j + 25. Let v(i) = 3*u(i) + 5*w(i). What are the prime factors of v(-6)?
2
Let o be (-96)/(-6)*(-3)/4. Let h be (o/7)/(9/126). Let t = h + 79. What are the prime factors of t?
5, 11
Let w(z) = z**3 + z**2 - z - 184. Let f be w(0). Let x = -131 - f. Suppose -13 = 5*y - x. What are the prime factors of y?
2
Let f(j) be the first derivative of j**6/120 - j**5/15 - j**4/6 + 3*j**3 - 2. Let q(r) be the third derivative of f(r). List the prime factors of q(5).
31
Suppose 5*p = o - 5*o + 30, 25 = 3*o + 5*p. Suppose 2*q = o*f - 835, -2*q = f + 21 - 176. What are the prime factors of f?
3, 5, 11
Suppose 0 = -46*f + 47*f - 1271. List the prime factors of f.
31, 41
Suppose 3*p - 192 - 217 = 2*x, 0 = -p + 1. Let n = x - -328. What are the prime factors of n?
5
Let p be (-2)/(-6) - 11/(-3). Suppose -5*x + 389 = p*q - 554, 0 = -4*x - 4*q + 756. Suppose 5*v - 8 - x = 0. List the prime factors of v.
3, 13
Let q(j) = -2*j - 10. Let w(b) = -b - 7. Let p(x) = 5*q(x) - 7*w(x). Let v be p(-2). What are the prime factors of (v - 47)*4/(-6)?
2, 7
List the prime factors of -5 + 1215 + -10 + 10.
2, 5, 11
List the prime factors of ((-6453)/(-2))/(-3)*100/(-150).
3, 239
Let c be (-4)/(-28) - 29/7. Let v be c/(-5)*(-5)/1. Let f = v - -9. List the prime factors of f.
5
What are the prime factors of 51316/52 - (-10)/65?
3, 7, 47
Let m be (-3 - 2)/5 - 0. Let f be m/(2 + (-258)/130). Let j = f + 120. List the prime factors of j.
5, 11
Suppose 0*z = -11*z + 6633. What are the prime factors of (-8)/(-28) - (z/(-21) - -1)?
2, 7
Let x(n) = -36*n - 245. What are the prime factors of x(-45)?
5, 11
Suppose -121*q = -133*q + 5844. List the prime factors of q.
487
Let t = 873 - -53. What are the prime factors of t?
2, 463
Suppose 2*i + 6*i = 2592. What are the prime factors of i?
2, 3
List the prime factors of (-2576)/(-11) - (1 - (-18)/(-22)).
2, 3, 13
Suppose -r - r = -4*f - 20, 2*f + 5*r + 22 = 0. Let u = 56 + f. Suppose u = 2*x - 54. What are the prime factors of x?
2, 13
What are the prime factors of 626/8 - 11/44?
2, 3, 13
Suppose 2*r + r + 16 = 4*z, 0 = -4*r. Let q(d) = 5*d**2 - d - 3. Let k be q(4). Suppose 5*l = -v + k, l - z*l - v = -43. List the prime factors of l.
3, 5
What are the prime factors of (-11102)/(-104)*(-3)/(3/(-4))?
7, 61
Suppose -8*m - 20*m + 57820 = 0. List the prime factors of m.
5, 7, 59
Let v = -88 - -148. Let z = 135 + v. List the prime factors of z.
3, 5, 13
List the prime factors of (1447*(0 + (-2 - -1)))/(-1).
1447
Let h = 36 - 43. Let k be 16/(h + 2 + 4). List the prime factors of 46 + (1*k)/(-4).
2, 5
Suppose 0 = -3*v + 2*z + 272, 444 = 2*v + 3*v - z. Suppose 0*y + 2*y = v. List the prime factors of y.
2, 11
Let k be 7/3 + 6/9. Let q(d) = 4*d + k*d - 3 + 1. List the prime factors of q(3).
19
Let n(s) = 3*s + 19. Let m be n(-7). What are the prime factors of m*((-479)/10 + 2/5)?
5, 19
Let x be (3 - -24)*2/3. Suppose -123 = -3*k - x. List the prime factors of (k - -1)*(-22)/(-33).
2, 3
Let s(t) = t + 1. Let h be s(2). Suppose -5*j - 30 = -h*q, j = -q - j - 1. Suppose -q*w + 10*w = 335. What are the prime factors of w?
67
Suppose 2*j - 20 = -4*o, -5*j - 5 = -o - j. Suppose 3*k - 143 = -i, -2*k + 5*k + 733 = o*i. List the prime factors of i.
2, 73
Suppose -4*a + 315 = -a. What are the prime factors of (-3)/((-110)/a + 1)?
3, 7
Let j be 96/(-10)*20/(-6). Suppose -2*v + 40 + j = 2*r, -5*v - 44 = -2*r. What are the prime factors of r?
2
Let g(v) = -2*v + 1. Let z be g(-2). Suppose 181 = z*p + 3*u, 0*p - 4*p + 142 = u. What are the prime factors of p?
5, 7
Suppose -2*c = -m + 12, -3*m + 4*c + 0 = -28. Suppose m*v + 49 - 309 = 0. What are the prime factors of v?
5, 13
Suppose 2*t = 16 + 2. Suppose 0 = f - 3*f - y + t, -2*f = 4*y + 6. Let p(g) = g**2 - 4*g - 7. List the prime factors of p(f).
2, 7
Let c = -3 + 14. Suppose 0 = 4*r - c*r + 84. List the prime factors of r.
2, 3
Let i(h) = -173*h - 39. List the prime factors of i(-11).
2, 233
Let p(t) = 39*t**2 + 27*t - 149. What are the prime factors of p(9)?
3253
Let i(a) = -3*a + 31. Let l be i(9). Suppose 0 = -4*t - 6 + 22. Suppose l*z - t*y - 116 = y, 4*y - 80 = -4*z. What are the prime factors of z?
2, 3
Let b(f) be the third derivative of -f**5/60 + 5*f**4/3 - 35*f**3/6 + 2*f**2. What are the prime factors of b(32)?
13, 17
Let z = -36 - -416. What are the prime factors of z?
2, 5, 19
Suppose -7*m - 11 = -123. Suppose 18*y - 144 = m*y. List the prime factors of y.
2, 3
Suppose 0 = -17*k + 18*k + 3*l - 492, -4*k + 3*l + 2013 = 0. What are the prime factors of k?
3, 167
Let p(o) = -1 + 3*o**2 - 3 + 5*o + 9*o**2 - 2. List the prime factors of p(3).
3, 13
Let x be 4/(2 + -3 + 3). Suppose 0*m + x*m = 162. Suppose f + m = 4*f. List the prime factors of f.
3
Suppose 2*t = -2*o - 2, t + 2*o + 4 = -0*o. Suppose -t*a + 12 - 2 = 0. List the prime factors of ((-260)/50)/((-1)/a).
2, 13
Suppose 0 = -0*z - 4*z + 48. Suppose -8 - z = -4*s, -4*s = -4*j + 56. What are the prime factors of j + (-3 - (0 + -3))?
19
What are the prime factors of 718/14 + 2/(-7)?
3, 17
Let p(u) = -54*u**3 + 2*u**2 - u - 2. Let v be p(-1). Suppose -v - 103 = -2*n. List the prime factors of n.
79
Suppose 3 = -a + 5. Suppose 0 = a*w + 3*z - 12, 20 = w + 3*z + 2*z. Suppose 3*t - 15 - 3 = w. What are the prime factors of t?
2, 3
Let a(k) = k**3 + k**2 + 26. Let p be a(0). Let t = p + -26. Let q(r) = r**3 - r + 45. List the prime factors of q(t).
3, 5
Let y(a) = a**2 + 12*a + 5. Let g(l) = -13*l - 5. Let i(x) = 2*g(x) + 3*y(x). What are the prime factors of i(-7)?
2, 41
Suppose -1123 + 3669 = 5*i + 2*y, 5*i - y - 2537 = 0. Suppose 6*r - 3*m - i = 2*r, 4*r - 504 = 2*m. What are the prime factors of r?
2, 31
Let a(k) = 3 - 29*k - 10*k + 0. What are the prime factors of a(-1)?
2, 3, 7
Suppose -27*d - 9038 = -34769. What are the prime factors of d?
953
Let h be (-2)/((24/52)/(-3)). Let q(f) = -f**3 - h*f + 0 - 12*f**2 - 6 - 4. List the prime factors of q(-11).
2, 3
Let l(m) = 5*m - 6*m + 2 + 44. What are the prime factors of l(0)?
2, 23
Suppose 6*l + 359 = 1025. Suppose 0*o = -o + l. List the prime factors of o.
3, 37
Suppose 60 + 276 = 6*n. Suppose 5*y = 3*t - 188, -t - 2*y = -5*y - n. What are the prime factors of t?
71
Suppose -4*i + 39 + 1 = 0. Let g be 9/(-2)*(5 + -35). Suppose i*s - g = 5*s. List the prime factors of s.
3
Suppose 7*g - 933 = 908. List the prime factors of g.
263
Let a(g) = -7*g**3 + g**2 - 42*g - 11. What are the prime factors of a(-7)?
3, 911
Let f be 5/5*(-2 + -2). Let t(n) = -n**2 - 3*n - 5. Let g be t(f). Let w = g + 50. List the prime factors of w.
41
Suppose 4412*t + 1965 = 4417*t. What are the prime factors of t?
3, 131
Let t be (3/(-2))/((-15)/20). Suppose 7*g = 3*g + z - 2, g + z = t. Suppose g = -2*y + 41 + 65. List the prime factors of y.
53
Suppose -30 = -10*j + 5*j - h, -5*j = -3*h - 50. Suppose 75 = 3*x + 3*i, j*i - 2*i + 15 = 2*x. What are the prime factors of x?
2, 5
Let o(w) = -19*w**3 - 2. Let q be 1*(-3 + (-4)/(-4)). What are the prime factors of o(q)?
2, 3, 5
Suppose -10*s = -22076 - 5354. What are the prime factors of s?